der when 56800 is divided by 526?
518
What is the remainder when 60801 is divided by 13822?
5513
What is the remainder when 13000106 is divided by 4806?
4682
Calculate the remainder when 51986 is divided by 607.
391
Calculate the remainder when 16339 is divided by 13125.
3214
What is the remainder when 209838042 is divided by 1208?
1194
What is the remainder when 4944634 is divided by 640?
634
Calculate the remainder when 663207 is divided by 38730.
4797
What is the remainder when 5441602 is divided by 9770?
9482
What is the remainder when 725878 is divided by 263?
261
Calculate the remainder when 87053948 is divided by 213.
209
Calculate the remainder when 244095 is divided by 18776.
7
What is the remainder when 3132263 is divided by 1566128?
7
Calculate the remainder when 16619207 is divided by 63675.
32
Calculate the remainder when 2385583 is divided by 1050.
1033
Calculate the remainder when 164119 is divided by 1649.
868
What is the remainder when 3584987 is divided by 3677?
3589
What is the remainder when 12991 is divided by 12871?
120
Calculate the remainder when 150353 is divided by 1713.
1322
Calculate the remainder when 3089216 is divided by 499.
406
What is the remainder when 6255240 is divided by 261?
114
What is the remainder when 515610 is divided by 35?
25
Calculate the remainder when 167550 is divided by 3868.
1226
What is the remainder when 4120547 is divided by 3492?
3479
What is the remainder when 10223644 is divided by 566?
552
What is the remainder when 139799 is divided by 566?
563
What is the remainder when 16495 is divided by 2060?
15
What is the remainder when 2555865 is divided by 119?
102
What is the remainder when 413428 is divided by 59061?
1
Calculate the remainder when 1381610 is divided by 6517.
6
What is the remainder when 22550 is divided by 469?
38
What is the remainder when 6667240 is divided by 14?
6
Calculate the remainder when 851253 is divided by 50067.
114
What is the remainder when 5330175 is divided by 26387?
1
Calculate the remainder when 112808 is divided by 146.
96
Calculate the remainder when 648390 is divided by 323845.
700
Calculate the remainder when 380911 is divided by 442.
349
What is the remainder when 3005565 is divided by 3981?
3891
What is the remainder when 41030 is divided by 5110?
150
What is the remainder when 90418125 is divided by 29?
11
What is the remainder when 614489 is divided by 13655?
14
Calculate the remainder when 53867 is divided by 1534.
177
Calculate the remainder when 3871455 is divided by 430160.
15
Calculate the remainder when 2026956 is divided by 63.
57
What is the remainder when 276068 is divided by 2680?
28
What is the remainder when 75035 is divided by 25010?
5
What is the remainder when 4500978 is divided by 1125227?
70
Calculate the remainder when 59632942 is divided by 55.
17
What is the remainder when 17257333 is divided by 7?
2
What is the remainder when 5957090 is divided by 1489271?
6
Calculate the remainder when 677837 is divided by 171.
164
Calculate the remainder when 8162930 is divided by 129570.
20
What is the remainder when 245983 is divided by 122931?
121
What is the remainder when 4300394 is divided by 210?
14
What is the remainder when 7061105 is divided by 748?
733
Calculate the remainder when 59951 is divided by 295.
66
Calculate the remainder when 2349646 is divided by 50.
46
What is the remainder when 46503672 is divided by 2894?
2880
What is the remainder when 590092 is divided by 8303?
579
Calculate the remainder when 4371459 is divided by 27.
24
What is the remainder when 18287446 is divided by 1698?
1684
Calculate the remainder when 582145115 is divided by 159.
5
Calculate the remainder when 95976551 is divided by 23222.
25
What is the remainder when 3515925 is divided by 3289?
3273
Calculate the remainder when 175023 is divided by 245.
93
What is the remainder when 126598 is divided by 646?
628
Calculate the remainder when 1090912 is divided by 859.
841
Calculate the remainder when 49019 is divided by 12199.
223
What is the remainder when 566 is divided by 176?
38
Calculate the remainder when 17740036 is divided by 8869970.
96
Calculate the remainder when 609927 is divided by 203294.
45
Calculate the remainder when 110690 is divided by 1931.
623
What is the remainder when 10005730 is divided by 4356?
4354
Calculate the remainder when 1383646 is divided by 87.
85
What is the remainder when 1022867 is divided by 1209?
53
What is the remainder when 1315260 is divided by 148?
132
What is the remainder when 5248088 is divided by 165?
98
Calculate the remainder when 16140304 is divided by 101.
100
What is the remainder when 17908 is divided by 2232?
52
Calculate the remainder when 710081662 is divided by 16.
14
Calculate the remainder when 34468 is divided by 171.
97
What is the remainder when 66014 is divided by 2872?
2830
Calculate the remainder when 16946194 is divided by 144.
130
Calculate the remainder when 16466478 is divided by 16466469.
9
Calculate the remainder when 1910951 is divided by 1742.
1719
Calculate the remainder when 294052 is divided by 294020.
32
What is the remainder when 603415 is divided by 100563?
37
Calculate the remainder when 399034 is divided by 132992.
58
Calculate the remainder when 185106 is divided by 745.
346
What is the remainder when 5340610 is divided by 366?
304
Calculate the remainder when 144780826 is divided by 516.
514
Calculate the remainder when 279654 is divided by 491.
275
What is the remainder when 255913 is divided by 378?
7
Calculate the remainder when 15373 is divided by 5129.
5115
What is the remainder when 71424 is divided by 1011?
654
What is the remainder when 616667 is divided by 9324?
1283
What is the remainder when 677531 is divided by 1308?
1295
What is the remainder when 332408 is divided by 11080?
8
What is the remainder when 13981317 is divided by 10940?
10937
What is the remainder when 6603270 is divided by 1370?
1240
Calculate the remainder when 51044 is divided by 11569.
4768
What is the remainder when 23769719 is divided by 21299?
35
Calculate the remainder when 848249 is divided by 5.
4
Calculate the remainder when 28221 is divided by 8235.
3516
What is the remainder when 1237064 is divided by 1352?
1336
Calculate the remainder when 115503 is divided by 3175.
1203
What is the remainder when 285645 is divided by 66?
63
Calculate the remainder when 4912890 is divided by 6657.
24
What is the remainder when 15756818 is divided by 543338?
16
What is the remainder when 84992 is divided by 462?
446
Calculate the remainder when 211243978 is divided by 379.
369
Calculate the remainder when 11370233 is divided by 3384.
3377
Calculate the remainder when 2364881 is divided by 3387.
755
What is the remainder when 15256536 is divided by 1089752?
8
What is the remainder when 4734130 is divided by 5266?
5262
What is the remainder when 55270452 is divided by 180?
12
What is the remainder when 547199 is divided by 79?
45
Calculate the remainder when 119738995 is divided by 1670.
1665
What is the remainder when 86904 is divided by 408?
0
Calculate the remainder when 636282995 is divided by 6.
5
Calculate the remainder when 3076985 is divided by 52152.
17
Calculate the remainder when 148542 is divided by 23522.
7410
What is the remainder when 73737418 is divided by 4096523?
4
Calculate the remainder when 12762156 is divided by 1072.
1068
What is the remainder when 168355 is divided by 1772?
15
Calculate the remainder when 293283 is divided by 146464.
355
Calculate the remainder when 16408865 is divided by 1025554.
1
What is the remainder when 1372110 is divided by 319?
91
What is the remainder when 5488615 is divided by 1829537?
4
Calculate the remainder when 1343077 is divided by 587.
21
What is the remainder when 610142847 is divided by 8032?
8031
What is the remainder when 1724158 is divided by 39?
7
Calculate the remainder when 15628 is divided by 1976.
1796
Calculate the remainder when 124367352 is divided by 64.
56
Calculate the remainder when 610184 is divided by 256.
136
What is the remainder when 2487340 is divided by 497458?
50
Calculate the remainder when 13365815 is divided by 405024.
23
Calculate the remainder when 34092390 is divided by 34092269.
121
What is the remainder when 27